c - 195 = -0*c. Suppose -5*y + u + 62 = 3, 0 = -5*y - 5*u + c. Suppose 5*w = m + 30, 4*w - 2*w + 5*m = y. What is the units digit of w?
6
Suppose 3*f + 30 = -0*f. Let n = -4 - f. What is the units digit of n?
6
Suppose 0 = 4*b + 41 - 9. Let z = b + 13. What is the units digit of z?
5
Let t(l) be the second derivative of 3*l**5/20 - l**4/12 + l**3/3 - l**2/2 + 2*l. Let f be t(1). Suppose -5*b = -f*b - 4. What is the units digit of b?
2
Let o(k) = -k**2 - 9*k - 10. Let i be o(-7). Suppose i*l = 2*l. What is the units digit of l - (2 + -5 + 1)?
2
Let v(j) = -j**3 + 10*j**2 + 14*j - 4. What is the tens digit of v(11)?
2
Suppose 4*d + 5*t = 2*t + 271, 3*t - 15 = 0. Let c be 12/(-18) + d/6. Suppose c*q - 10 = 5*q. What is the units digit of q?
2
What is the hundreds digit of 1/(-13)*2 - 1445/(-13)?
1
Suppose -v + 40 = 3*v + 2*j, 2*v - 3*j = 36. What is the units digit of v?
2
Let m(n) = 4*n - 2. Let q be m(8). Let k = q - 0. What is the tens digit of k?
3
Suppose -2*o = 2*o - 156. What is the tens digit of o?
3
Let f = -11 + 20. What is the units digit of f?
9
Let s = 4 + -2. Let r be ((-2)/(-5))/(1/20). Let t = r - s. What is the units digit of t?
6
Let i(x) be the first derivative of x**3/3 + 11*x**2/2 + 15*x - 2. Let n be i(-10). Suppose 24 + 6 = n*c. What is the units digit of c?
6
What is the hundreds digit of -3*(10 + -12 + -96 + 1)?
2
Suppose 2*i = -3*i + 4*a + 113, -i = a - 28. Suppose -3*z = 2*x - i, z + z - 35 = -3*x. What is the units digit of x?
1
Suppose 0 = -3*a + a + 5*v + 188, -2*a + 168 = 5*v. Suppose 5*g + 2*l - a = 3*l, 5*g - 5*l = 85. What is the tens digit of g?
1
Let m be (3 - (-42)/(-9))*24. Let j = -23 - m. What is the tens digit of j?
1
Suppose -154 = 13*q - 15*q. What is the units digit of q?
7
Let n(u) be the first derivative of -u**4/4 + 5*u**3/3 + 3*u**2 + 5*u + 2. Let k be n(6). Suppose 0 = z + 2 - k. What is the units digit of z?
3
Suppose 2*k = 2*p - 4 + 8, 4*p = 3*k - 4. Let a = 19 + -13. Suppose -l + a = p*l. What is the units digit of l?
2
Let y(n) = 1 + 5*n**2 - 3*n**2 - 3*n**2 + n**3 + 0 - n. What is the tens digit of y(4)?
4
Let k(s) be the third derivative of -s**4/12 + 5*s**3/3 - 4*s**2. Let x be k(12). What is the units digit of (-10)/x - 2/(-7)?
1
Let z(v) = -v**2 - 2*v. Let o be z(-1). Let h be (-9 - -1 - 0)/o. Let g = h - -16. What is the units digit of g?
8
Let j be (3 - -1)/(-8)*-2. Suppose -3 + j = -n. What is the units digit of n?
2
Let n(q) = 2*q**2 - q - 2. Let u be n(2). Suppose -u*v + 0*v + 72 = 0. What is the units digit of v?
8
Suppose -4*v + 6 = -14. Suppose 23 = 5*k + 3*u, -v*k = -3*u - 0*u - 47. What is the units digit of k?
7
Let d = -9 + 18. What is the units digit of d?
9
Let b(m) be the third derivative of m**4/8 + 2*m**3/3 - m**2. What is the tens digit of b(3)?
1
Let s = 60 - 29. What is the tens digit of s?
3
Let h(j) = j**2 - 9*j + 12. Let t be h(11). Let q = t - -8. What is the units digit of q?
2
What is the tens digit of 5/2*32/5?
1
Let i(r) = r**3 - 10*r**2 - 3*r - 4. Let z be i(10). Let w be 2 + -5 + 1 - z. What is the units digit of (w/10)/((-3)/(-15))?
6
Suppose 0 = 5*z - 25, -v - 5*z + 4 = -21. Suppose 3*k - 5*q + 15 = v, -2*k = 2*k + 4*q - 12. Let f(a) = -a**2 - a + 6. What is the units digit of f(k)?
6
Suppose 2*a = 2*k - 88, 4*k - 236 + 53 = -3*a. What is the units digit of k?
5
Suppose 2*n - 6*n + 3*o + 139 = 0, 3*o + 3 = 0. What is the tens digit of n?
3
Let m(y) = y**2 + 6*y + 6. Let d be m(-5). Let u be 174/18 + 4/(-6). Let o = u - d. What is the units digit of o?
8
What is the units digit of (-5)/2*(-68)/5?
4
Let g be 3/4 + (-261)/(-36). Suppose -g = -0*r - 2*r. What is the units digit of r?
4
Let y(k) = -7*k. Let i be y(-2). Suppose -5*s + 15 = 0, -2*s + 28 = 3*v - i. What is the units digit of v?
2
Let n be 55/10 + (-1)/(-2). Let v be 20/n + (-12)/(-18). Suppose 0*w + w = v. What is the units digit of w?
4
Let f(g) = -g**2 + 5*g + 1. Let n be f(4). What is the tens digit of (n - -3)*4*1?
3
Let h be (59/2)/(5/10). Suppose -3*m + a + 41 = -3*a, -4*m + a = -h. What is the tens digit of m?
1
Suppose 2*h + 169 = 3*m + 3*h, 4*h - 228 = -4*m. Suppose m = 8*l - 4*l. What is the units digit of l?
4
Suppose 4*n + 2*d = 697 + 801, 0 = -4*d + 20. What is the units digit of n?
2
Suppose 0 = c + 2*q - 3, -6 + 3 = -2*c - q. Let i be -1 + c*-11 + 0. What is the units digit of (-4)/i - (-10)/6?
2
Let s(b) = -3*b**2 + 4*b + 4. Let r be s(4). Let y = -16 - r. What is the tens digit of y?
1
Let y(l) = -2*l. Let o(v) = -3*v - 1. Suppose 5*h - 3 = 3*b - 18, h - 5 = -b. Let w(s) = b*y(s) - 3*o(s). What is the units digit of w(-6)?
9
Suppose 5*r - 6*v + 3*v = 831, 5*r = -5*v + 815. What is the hundreds digit of r?
1
Suppose -k + 5*k = 5*b + 3, b = -k + 3. Suppose -2*y - 3*f = y - 78, 0 = k*f. What is the tens digit of y?
2
Let g be 2/1 + 10*-1. Let u = g - -8. Suppose 5*y - 56 - 14 = u. What is the units digit of y?
4
Let f(g) = -7*g - 3. What is the tens digit of f(-14)?
9
Let w(z) = -z**3 + 8*z**2 + 8*z + 3. Let g(b) = 2*b**3 - 9*b**2 - 8*b - 3. Let d(v) = -2*g(v) - 3*w(v). What is the tens digit of d(-5)?
1
Let j = 127 + -79. Suppose 3*z + z = j. What is the units digit of z?
2
Let f be -1*(0 + -1 + -3). Suppose 0 = -2*p + 6*p - 3*j - 14, -f*j + 2 = 5*p. What is the units digit of 5/(15/18) + p?
8
Suppose -5*r - 9 + 1 = f, 5*r = 2*f - 59. What is the units digit of f?
7
Let d(h) = h**2 - h. What is the tens digit of d(-3)?
1
Suppose -p - 5*d + 9 = 0, p + 5*d - 4*d - 5 = 0. Suppose -52 = 2*z - p*z. What is the units digit of z?
6
Let n be 3700/24 + (-1)/6. Suppose n = 4*s - 2*w, 5*s - 61 - 94 = -5*w. What is the tens digit of s?
3
Let m(t) = 22*t**3 + t**2 + t - 1. Let p be m(1). Let i = 14 - 23. Let q = i + p. What is the units digit of q?
4
Suppose 9*i = 4*i + 45. What is the units digit of i?
9
Let a(d) = d**2 - 9*d + 2. Suppose 0 = 5*h - 19 - 11. Let o be a(h). What is the units digit of o/(-4)*(-7)/(-4)?
7
Suppose 3*o + o - 824 = 0. Suppose -2*a + 89 = -3*u, -3*a + o = -4*u + 71. What is the units digit of a?
9
Let y = 58 - 40. What is the tens digit of y?
1
Let k be (-34)/(-10) + (-8)/20. Suppose -2 = -k*v + 7. Suppose 0 = -v*a - a + 8. What is the units digit of a?
2
Suppose 0 = -4*z - 3*s + 23, -3*z + z = s - 13. Suppose 2*a - z = a. What is the units digit of a?
8
Let w(v) = 18*v**3 - 2*v + 1. Suppose d + 3 = 4. What is the tens digit of w(d)?
1
Let a(z) = z**2 + 6*z + 1. What is the tens digit of a(-11)?
5
Suppose 5*y - 2*y = -2*r + 52, -y + r + 14 = 0. Let t = 10 - y. Let j(w) = -3*w - 8. What is the tens digit of j(t)?
1
Let l(f) = -f**3 - 9*f**2 - 10*f + 1. Let n be l(-8). Suppose 2*s + 4*q = 3*q + 34, -s - 2*q + n = 0. What is the units digit of s?
7
Suppose -3 = 3*k - 6*k. Suppose -r + 0*r + k = 0. What is the units digit of r?
1
Suppose -4*w + 5*w - k = 46, -4*k + 203 = 5*w. What is the tens digit of w?
4
What is the hundreds digit of 3612/70*(-10)/(-3)?
1
Suppose 4*y - 12 = -0*y. What is the units digit of y?
3
Suppose 0 = t - 2*z + 138, 2*z - 3*z = 5*t + 701. Let s be (-10)/(-15) - (-8)/6. What is the units digit of (s/4)/((-10)/t)?
7
Let o(f) = 3*f**2 + 4. What is the units digit of o(3)?
1
Let i(d) = -3*d**2 + d**3 - 4 + 3*d - 3*d**3 + 0*d**3. What is the units digit of i(-3)?
4
Let m = 5 - -2. Suppose -m*u + 6*u + 11 = 0. What is the tens digit of u?
1
Let n(m) = 3*m**3 - 4*m**2 - 4*m**3 + 7*m**2 - 2*m + 3. Let g be n(2). Suppose 5*x - 36 = -s, x = -g*s + 14 + 38. What is the units digit of s?
6
Let t be 1 - (-2 + 2 + -3). Suppose 3*h - t*w = 5, 4*h - 8 = 5*w - 1. What is the units digit of h?
3
What is the tens digit of (31 + -1*1)/(20/60)?
9
Suppose -7*o + 2*o = -10. Suppose -o*h = -29 + 9. What is the units digit of h?
0
Let h = -27 - -47. Let l be (-5)/h - 25/(-4). Let w(b) = 2*b - 5. What is the units digit of w(l)?
7
Suppose -3*l - 3*q = -2 + 8, 4*q = 2*l - 2. Let c = 2 - l. Suppose c*s = 6*s - 3. What is the units digit of s?
1
Let k be -21*((-2)/(-6))/(-1). Suppose 0 = 5*o - k + 2. Let j = 5 + o. What is the units digit of j?
6
Suppose -21 = q - 2*q. What is the units digit of q?
1
Let g = 48 + 4. What is the units digit of g?
2
Suppose -5*i = 6*x - x - 10, 0 = 4*i - 16. Let n(s) = -5*s**2 + 2*s + 5. Let z(a) = -a - 1. Let f(t) = -n(t) - 5*z(t). What is th